MONTHLY CLIMATOLOGICAL SUMMARY for SEP. 2021

NAME: Sabadell - Can Rull   CITY: Sabadell STATE: Catalunya
ELEV: 220 LAT: 41:33:20 LONG: 2:5:8

                            TEMPERATURE ( C), RAIN (mm), WIND SPEED (kmh)

                                               HEAT     COOL           AVG
      MEAN                                     DEG      DEG            WIND                       DOM
DAY   TEMP    HIGH   TIME     LOW    TIME      DAYS     DAYS    RAIN   SPEED    HIGH    TIME      DIR
--------------------------------------------------------------------------------------------------------
01    22.0    25.5   12:17    18.6   07:49     00.0     03.7    00.0   03.9     24.1    14:42     ESE
02    22.2    26.7   17:21    18.4   07:07     00.0     03.9    00.3   05.6     25.9    19:49     ENE
03    22.3    27.4   12:56    18.6   07:53     00.0     04.0    00.3   03.2     42.5    14:03      SE
04    22.1    28.3   14:16    19.3   06:46     00.0     03.8    00.0   04.2     31.4    16:16     SSE
05    25.2    32.3   14:53    20.1   08:08     00.0     06.9    00.0   02.8     25.9    15:23     SSW
06    24.9    30.3   13:59    20.8   06:40     00.0     06.6    00.0   03.5     42.5    16:40      S 
07    24.4    27.8   17:57    21.3   07:48     00.0     06.1    00.0   02.4     22.2    18:52     SSE
08    24.1    29.3   12:49    20.0   07:19     00.0     05.8    00.0   04.2     27.8    14:47      SE
09    23.8    29.1   13:42    21.2   08:16     00.0     05.5    03.8   03.0     27.8    14:19     ESE
10    21.1    27.9   13:49    18.6   15:32     00.0     02.8    51.5   02.5     57.4    15:14      SE
11    21.9    27.7   15:24    16.9   08:07     00.0     03.6    00.0   01.3     33.3    14:23     WSW
12    23.2    27.3   14:48    19.4   07:28     00.0     04.9    01.5   01.2     24.1    14:53      SW
13    24.1    29.0   15:22    20.1   08:09     00.0     05.8    00.0   01.4     22.2    15:37     WSW
14    24.9    29.2   15:41    21.8   08:11     00.0     06.6    00.0   02.0     25.9    16:02     SSE
15    25.7    31.6   15:28    21.9   08:28     00.0     07.4    00.0   01.9     25.9    01:03      W 
16    22.3    27.1   15:12    19.1   05:07     00.0     04.0    16.1   02.8     29.6    03:38     NNW
--------------------------------------------------------------------------------------------------------
23.4 (24.1)   32.3  day 05     16.9  day 11   000.0    081.5   073.5   02.9     57.4   day 10      SE
Max >=  30: 3
Min <=   20: 9
Max Rain: 51.5 ON 10-09-21
Days of Rain: 6 (> .2mm) 3 (> 2mm) 1 (> 20mm)