YEARLY CLIMATOLOGICAL SUMMARY for Aug 2021

NAME: Sabadell - Can Rull   CITY: Sabadell STATE: Catalunya
ELEV: 220 LAT: 41:33:20 LONG: 2:5:8

                            TEMPERATURE ( C), RAIN (mm), WIND SPEED (kmh)

                                                 HEAT     COOL           AVG
      MEAN                                       DEG      DEG            WIND                        DOM
MTH   TEMP    HIGH   TIME      LOW     TIME      DAYS     DAYS   RAIN    SPEED    HIGH    TIME       DIR
--------------------------------------------------------------------------------------------------------
01    07.8    21.1   16:18   -00.9   08:03    0326.3    0000.0    27.1    04.3     64.8    23:54      NW
02    11.5    20.2   14:24    05.8   08:27    0183.2    0000.0    18.7    03.7     48.1    16:07     WNW
03    11.6    20.8   15:48    04.1   07:36    0206.8    0000.0    22.4    03.4     38.9    23:57     WNW
04    12.8    23.3   14:10    04.9   07:30    0162.6    0000.0    47.8    04.2     33.3    14:05      SW
05    17.4    28.6   16:37    08.3   06:30    0043.0    0017.8    25.4    05.7     50.0    23:55     SSW
06    22.9    32.7   16:26    15.3   06:49    0000.0    0135.7    08.8    05.1     40.7    18:54      W 
07    25.0    35.7   17:27    15.9   07:20    0000.0    0211.3    06.9    05.3     53.6    23:56      SW
08    24.1    36.9   16:01    16.3   07:55    0000.0    0181.0    07.2    03.6     40.7    23:56     SSW
--------------------------------------------------------------------------------------------------------
      16.6    36.9            -0.9            921.9     545.9   171.5     4.4     64.8              SSW

Max >=  32.0: 32
Max <=   0.0: 14
Min <=   0.0: 201
Min <= -18.0: 2
Max >=  32.0: 32
Max <=   0.0: 14
Min <=   0.0: 201
Min <= -18.0: 2
Max <=  -5.0: 0
Min <=  -5.0: 0
Max <= -10.0: 0
Min <= -10.0: 0
Max <= -15.0: 0
Min <= -15.0: 0
Max <= -20.0: 0
Min <= -20.0: 0
Max <= -25.0: 0
Min <= -25.0: 0
Max Rain: 0.0 ON 31-01-21
Days of Rain: 38 (> .2mm) 19 (> 2mm) 1 (> 20mm)
--------------------------------------------------------------------------------------------------------